*x**2 - 11*x**2 + 18*x + 12 + 6*x**2. What are the prime factors of z(11)?
89
Let g = 3130 + 3449. Suppose -11*b + 28*b = g. What are the prime factors of b?
3, 43
Suppose -3*d + 5 = 2*d, -t + d = -952. List the prime factors of t.
953
Suppose 5*k - 76118 = 4*v - 11617, -k = -4*v - 12881. List the prime factors of k.
5, 29, 89
Suppose -74*u - 28487 = -394713. What are the prime factors of u?
7, 101
What are the prime factors of (-16)/(2 - -6) - -12474?
2, 1559
Let k(o) = -510*o + 321. What are the prime factors of k(-3)?
3, 617
Let d(l) = -l**3 - 4*l**2 + 2*l + 4. Let f be d(0). List the prime factors of 4*(4 - (-498)/f).
2, 257
Suppose 0 = 4*x - 2*z - 2, 0*x - z - 5 = -4*x. What are the prime factors of (1075 - (0 + -6 + x)) + 1?
2, 3, 5
List the prime factors of 80/8*6/(-45) + (-64243)/(-3).
7, 19, 23
Let t = -13 - -6. Let l(z) = 3*z**2 + 48*z - 111. Let n(r) = -4*r**2 - 72*r + 167. Let a(d) = t*l(d) - 5*n(d). What are the prime factors of a(19)?
37
Suppose 5*y + 5*a - 2574 = 4*y, 3*y = -5*a + 7662. List the prime factors of y.
2, 3, 53
Suppose -20*y + 18*y + 93270 = o, 6*y + 4*o - 279812 = 0. List the prime factors of y.
2, 7, 3331
Suppose -4*f + 2*r + 155126 = 0, 0 = 4*f - 97*r + 96*r - 155123. List the prime factors of f.
2, 5, 7, 277
Let z be (8/36)/((-1)/(-36)). Suppose z*n = 28*n - 19580. List the prime factors of n.
11, 89
Let n be -4 + -9 - (-1 - -1). Let m(t) be the third derivative of -7*t**4/12 - 17*t**3/3 - 205*t**2. What are the prime factors of m(n)?
2, 37
Suppose -f - 2*n + 2 - 3 = 0, -f + 2 = -n. List the prime factors of (-64 - -57) + 400*f.
3, 131
Let d = -350 + 298. Let p be -84 - (2 + 0 + 0). Let y = d - p. List the prime factors of y.
2, 17
Let o be (-4)/(-2) + -17 + -5. Let z be o/10*(-3 - -1). Suppose 0 = z*v - 2*a - 170, 5 + 4 = 3*a. What are the prime factors of v?
2, 11
Suppose -25*b + 27*b = 4. Let s be 4/(-14) + (b - (-7552)/(-28)). Let h = -151 - s. What are the prime factors of h?
3, 13
List the prime factors of 1/((-7)/56) - 1/((-6)/314100).
2, 26171
Let i(w) = w**3 + 10*w**2 - 13*w - 10. Suppose 2*c = 3*x - 34, 2*c - 6*c - x - 40 = 0. Let l be i(c). Suppose 9*d - l*d + 336 = 0. List the prime factors of d.
2, 7
What are the prime factors of (-23)/46*11034/(-1)?
3, 613
Let m(z) = 87480*z + 176. Let u be m(6). What are the prime factors of 4/(-11) + u/616?
2, 3, 71
Let s(b) be the second derivative of 79*b**5/20 + b**3/6 - b**2 - 19*b. Let i be (-60)/135 - (-39)/27. What are the prime factors of s(i)?
2, 3, 13
Suppose -3*z - 98972 = -4*r, -2*r - z + 17025 + 32471 = 0. What are the prime factors of r?
2, 12373
Let n(u) = 33*u**3 - 11*u**2 - 12*u + 10. Let o be n(-9). What are the prime factors of o/(-39) - 4/(-18)*-3?
2, 3, 53
Let n(a) = 582*a - 2018. What are the prime factors of n(14)?
2, 5, 613
What are the prime factors of -12*((-9)/15 - (-3542)/(-330))?
2, 17
Suppose 0 = -v + 5*v + 764. Let o(c) = -49*c**3 - 3*c**2 - c + 1. Let q be o(-2). Let b = q + v. What are the prime factors of b?
2, 3
Let f(n) = 2 + 11 - 18*n - 82*n**2 - 3 + 81*n**2. Let x(r) = -3*r**2 + 5*r - 3. Let b be x(3). What are the prime factors of f(b)?
5, 11
Let j = 222 + -207. Let p = 236 - j. What are the prime factors of p?
13, 17
Suppose 0 = -37*u + 4*u + 256509. List the prime factors of u.
3, 2591
Let j = 72429 - 49386. List the prime factors of j.
3, 7681
Suppose -o + 1743 = 2*o. Suppose -o = -6*u - 83. Suppose 671 = 13*z - u. What are the prime factors of z?
2, 29
Let m = 4545 - 770. List the prime factors of m.
5, 151
Let x be (-9)/((-9)/(-2)) - -7. Suppose 3*q + x*z + 16 + 4 = 0, -4 = z. Suppose 2*l - l - 38 = q. What are the prime factors of l?
2, 19
Suppose -12*z + 3*s = -13*z + 5651, -s = 4*z - 22604. What are the prime factors of z?
5651
Let c be (8 - 2) + 7 + 7165. What are the prime factors of 28/20 - c/(-5)?
3, 479
Suppose 3*z + 4*b = 10*z - 73335, 20953 = 2*z - b. List the prime factors of z.
10477
Suppose -3*j + 3*a + 155 - 50 = 0, 5*a - 49 = -2*j. Suppose 16403 = 15*c + j*c. List the prime factors of c.
349
Suppose -46*j = -41*j + 1510. Let i = j + 715. What are the prime factors of i?
7, 59
Let t = 672 + -661. Suppose -5047 = -t*k + 4281. What are the prime factors of k?
2, 53
Let l(j) = -j - 19. Let b be l(12). Let f = -33 - b. List the prime factors of ((1 - f) + -2 + 0)*102.
2, 3, 17
Let d be 5928/171*3/(-2). Let c = d - -1093. What are the prime factors of c?
3, 347
Suppose 0 = -26*q + 31*q. Suppose 2*l + 3*k = k - 36, q = 3*l + 5*k + 62. List the prime factors of (-12)/(-42) + (-556)/l - 3.
37
Let f(p) = 2*p**3 + 75*p**2 + 45*p - 55. List the prime factors of f(-26).
14323
Let z(k) = -45*k**3 + 9*k**2 + 25*k + 279. List the prime factors of z(-10).
13, 3533
Let u(s) = s**2 - 24*s - 18. Suppose 7*n = 3*n - 4*m + 112, -5*m = -n + 10. Let v be u(n). List the prime factors of 1922/8 - v/28.
2, 3, 5
Let v be 0 - -3*(4 - 3). Suppose v*p = 2*a - 4, 3*a - 3*p = -p - 4. What are the prime factors of 3 + 11 + a - -1?
11
Let m be (1 - 3)/(10/(-15)). Suppose -5*v + m = t, -3*t = 4*v - 3*v - 9. What are the prime factors of (107/(-3))/(t - 20/6)?
107
Let a(i) = 2*i**3 - 18*i**2 - 156*i - 144. What are the prime factors of a(27)?
2, 3, 19
Suppose -44562 = -13*w + 7*w. List the prime factors of w.
7, 1061
Let b = -42830 - -76006. What are the prime factors of b?
2, 11, 13, 29
Let g = 18287 + -12372. What are the prime factors of g?
5, 7, 13
Suppose -n = -83*n + 282244. List the prime factors of n.
2, 1721
Let c = 182 + -200. What are the prime factors of (c*(-300)/(-32))/((-6)/16)?
2, 3, 5
List the prime factors of 5763 - ((-15 - 3) + 9).
2, 3, 13, 37
Let x = 1014 - 637. Suppose -k - 4*d = -x, -9*d = 3*k - 12*d - 1176. What are the prime factors of k?
389
Let i = 134 + -127. Suppose -p - 4315 = i*g - 11*g, 0 = 4*g - 4*p - 4324. List the prime factors of g.
2, 7, 11
Let o be (-8)/(-32)*44 - 6. Suppose 7*n = 3*n. Suppose n = -o*p + 159 + 71. What are the prime factors of p?
2, 23
Suppose 0 = -9*r - 64 + 73. List the prime factors of -3 - -205*(2 - r).
2, 101
Suppose -695504 = 85*o - 2444379. What are the prime factors of o?
5, 823
Suppose 278*p = 32*p - 214287 + 9579507. What are the prime factors of p?
2, 3, 5, 47
Suppose 0 = -622*s + 8393413 + 16884667. What are the prime factors of s?
2, 5, 127
Suppose -4*z = -2*o + 995 - 357, -2*o - 650 = 4*z. Let i = 189 - z. List the prime factors of i.
2, 5, 7
Let v(k) = 3*k**2 - 51*k + 4. Let c(i) = -i**2 + i + 2. Let y(h) = -6*c(h) - v(h). List the prime factors of y(-19).
2, 53
Suppose 3*d + 7*z - 119848 = 0, -5*d = -0*d + z - 199736. What are the prime factors of d?
43, 929
Let t be 2127/(-21) + 2/7. Suppose -5*q + 7*q = 12, -4*z + 3*q - 1446 = 0. Let n = t - z. List the prime factors of n.
2
Suppose -32*k + 18*k - 89700 = -19*k. List the prime factors of k.
2, 3, 5, 13, 23
Let w be 2/(((-6)/(-73))/3). Suppose 124 = -x + 2*f, -x - f = w + 36. Let g = x - -190. What are the prime factors of g?
2, 19
Suppose 83 = 14*c + 13. Suppose 3*u - c*a = 2*u + 375, -5*a = u - 395. What are the prime factors of u?
5, 7, 11
Let d(f) = 2515*f + 12116. What are the prime factors of d(14)?
2, 23663
Let w(p) = 6*p**2 + 2*p - 2. Let i be w(1). Suppose i*a + 411 = 27. Let d = 111 + a. List the prime factors of d.
47
Let m(v) = 9923*v**3 + 13*v**2 - 38*v + 17. List the prime factors of m(2).
3, 26459
Let y(z) = 24*z**2 + 5*z + 11. Let n(a) = 11*a**2 + 2*a + 5. Let s(t) = -9*n(t) + 4*y(t). Let x be s(-5). Let v = x - -263. What are the prime factors of v?
3, 59
Let z = -41 - -37. Let d be (-4)/8 + (-1)/z*110. Suppose 41 = 4*x - d. List the prime factors of x.
17
Suppose -26*q - 12 = -30*q. Suppose -4*h = q*u - 247, -17*h + 3*u - 311 = -22*h. What are the prime factors of h?
2
Let b = 71 + -19. Let y = 161 + b. Suppose 5*d = -4*w + 136, 5*w = -d + y - 43. What are the prime factors of w?
2, 17
Suppose -96 - 112 = -13*l. Suppose -24*d + l*d = -6032. List the prime factors of d.
2, 13, 29
Suppose 0 = 5*o - 22*o + 8381. Let w = -278 + o. List the prime factors of w.
5, 43
What are the prime factors of (18882/21)/(11/(-154)*-4)?
3, 1049
Suppose 0*y + 212 = -2*y. Let m = 203 + y. Suppose -3*j + 206 = -m. List the prime factors of j.
101
Let r = 44 - 29. Let q = 13 - r. List the prime factors of q + 74 + 1 + -3.